by 16114.
0
Calculate the remainder when 1922751 is divided by 3459.
3006
Calculate the remainder when 6445590 is divided by 181.
180
What is the remainder when 2038078 is divided by 4911?
13
Calculate the remainder when 119354881 is divided by 728.
9
What is the remainder when 419688453 is divided by 22?
19
Calculate the remainder when 111911552 is divided by 498.
494
Calculate the remainder when 37263964 is divided by 73.
19
What is the remainder when 546305 is divided by 546302?
3
What is the remainder when 79572395 is divided by 109?
106
Calculate the remainder when 1046067 is divided by 790.
107
What is the remainder when 1061149 is divided by 10?
9
Calculate the remainder when 6565456 is divided by 12341.
44
Calculate the remainder when 465175 is divided by 1003.
786
What is the remainder when 42773 is divided by 42356?
417
Calculate the remainder when 94523457 is divided by 22.
17
What is the remainder when 249375 is divided by 1144?
1127
What is the remainder when 15719548 is divided by 462?
460
Calculate the remainder when 83793 is divided by 1309.
17
Calculate the remainder when 2398500 is divided by 27889.
46
Calculate the remainder when 9338148 is divided by 37.
14
What is the remainder when 1404500 is divided by 89?
80
What is the remainder when 30010098 is divided by 139?
137
What is the remainder when 3087597 is divided by 1008?
93
Calculate the remainder when 26614487 is divided by 4798.
4779
Calculate the remainder when 18337294 is divided by 5944.
54
Calculate the remainder when 3752456 is divided by 750488.
16
What is the remainder when 9958340 is divided by 33?
29
What is the remainder when 1332752 is divided by 1165?
1157
What is the remainder when 5742677 is divided by 316?
9
Calculate the remainder when 40522 is divided by 423.
337
What is the remainder when 127869447 is divided by 1880433?
3
Calculate the remainder when 7339534 is divided by 31232.
14
Calculate the remainder when 6819058 is divided by 9.
1
What is the remainder when 93645 is divided by 85289?
8356
What is the remainder when 5069366 is divided by 13?
3
What is the remainder when 187458593 is divided by 607?
604
Calculate the remainder when 1294462 is divided by 25.
12
Calculate the remainder when 1621562 is divided by 283.
255
What is the remainder when 57677422 is divided by 2234?
10
What is the remainder when 19835 is divided by 8929?
1977
Calculate the remainder when 1388615 is divided by 1388493.
122
Calculate the remainder when 972237 is divided by 241.
43
What is the remainder when 1039632 is divided by 1790?
1432
What is the remainder when 218975 is divided by 5422?
2095
What is the remainder when 40904917 is divided by 61?
25
What is the remainder when 2377093 is divided by 216082?
191
What is the remainder when 2603010 is divided by 11031?
10725
What is the remainder when 142169 is divided by 2250?
419
What is the remainder when 7059719 is divided by 1411942?
9
Calculate the remainder when 319054 is divided by 106328.
70
Calculate the remainder when 409466867 is divided by 5.
2
What is the remainder when 457036 is divided by 1598?
8
Calculate the remainder when 52416 is divided by 630.
126
What is the remainder when 43189 is divided by 43131?
58
What is the remainder when 93304 is divided by 8359?
1355
What is the remainder when 508289 is divided by 12101?
47
What is the remainder when 14383171 is divided by 305?
286
What is the remainder when 87738 is divided by 2250?
2238
What is the remainder when 4488452 is divided by 897679?
57
What is the remainder when 357281596 is divided by 157?
150
What is the remainder when 64873 is divided by 2940?
193
What is the remainder when 1270242 is divided by 126?
36
Calculate the remainder when 11821978 is divided by 309.
256
What is the remainder when 1373441 is divided by 22881?
581
Calculate the remainder when 21920534 is divided by 36.
26
Calculate the remainder when 101007393 is divided by 84.
81
What is the remainder when 737026 is divided by 6952?
114
What is the remainder when 36534452 is divided by 481?
97
Calculate the remainder when 264457 is divided by 172.
93
What is the remainder when 2448551 is divided by 3924?
3899
What is the remainder when 12870496 is divided by 13663?
13613
Calculate the remainder when 1268562 is divided by 18654.
90
Calculate the remainder when 43418 is divided by 14271.
605
What is the remainder when 32591341 is divided by 428?
425
Calculate the remainder when 221621 is divided by 221609.
12
What is the remainder when 467302 is divided by 988?
966
What is the remainder when 7175540 is divided by 729?
722
What is the remainder when 83336453 is divided by 1726?
1721
What is the remainder when 216455 is divided by 6585?
5735
Calculate the remainder when 204603 is divided by 309.
45
Calculate the remainder when 2993107 is divided by 19.
18
What is the remainder when 156951 is divided by 1312?
823
What is the remainder when 50629 is divided by 187?
139
Calculate the remainder when 697504 is divided by 116237.
82
Calculate the remainder when 2859565 is divided by 109.
59
Calculate the remainder when 109867 is divided by 3230.
47
What is the remainder when 8948028 is divided by 813453?
45
What is the remainder when 188531804 is divided by 5426?
8
Calculate the remainder when 65245 is divided by 16225.
345
Calculate the remainder when 1642813 is divided by 1133.
1096
Calculate the remainder when 8799052 is divided by 86.
48
Calculate the remainder when 5157098 is divided by 505.
38
What is the remainder when 22107067 is divided by 758?
755
Calculate the remainder when 24732 is divided by 11786.
1160
What is the remainder when 341538 is divided by 1778?
162
What is the remainder when 7730639 is divided by 3865313?
13
What is the remainder when 6346 is divided by 1280?
1226
Calculate the remainder when 278208 is divided by 502.
100
What is the remainder when 15745680 is divided by 37?
34
What is the remainder when 15431 is divided by 7494?
443
Calculate the remainder when 33292071 is divided by 5548675.
21
What is the remainder when 1418325 is divided by 4681?
4663
Calculate the remainder when 14928846 is divided by 25.
21
What is the remainder when 297721885 is divided by 4103?
4102
Calculate the remainder when 4158164 is divided by 61149.
32
What is the remainder when 8979691 is divided by 3070?
3011
What is the remainder when 11213321 is divided by 184?
177
Calculate the remainder when 6141563 is divided by 1731.
1706
What is the remainder when 320316 is divided by 1649?
410
What is the remainder when 12049708 is divided by 444?
436
What is the remainder when 1330200 is divided by 443309?
273
What is the remainder when 580061 is divided by 144998?
69
What is the remainder when 21315726 is divided by 186980?
6
What is the remainder when 1579724 is divided by 4906?
4898
What is the remainder when 4280387 is divided by 8?
3
What is the remainder when 7120622 is divided by 74173?
14
Calculate the remainder when 25305152 is divided by 174.
158
What is the remainder when 163745 is divided by 32712?
185
Calculate the remainder when 63337 is divided by 31242.
853
What is the remainder when 34856493 is divided by 5930?
5883
Calculate the remainder when 219575 is divided by 856.
439
What is the remainder when 1050911 is divided by 175144?
47
Calculate the remainder when 1392757 is divided by 207.
61
Calculate the remainder when 1975729 is divided by 516.
481
Calculate the remainder when 5410409 is divided by 2884.
25
Calculate the remainder when 771720 is divided by 63.
33
What is the remainder when 21669183 is divided by 462?
459
Calculate the remainder when 1241534 is divided by 559.
554
Calculate the remainder when 224225 is divided by 112078.
69
Calculate the remainder when 50993 is divided by 4574.
679
Calculate the remainder when 5481235 is divided by 48.
19
Calculate the remainder when 587571 is divided by 587561.
10
Calculate the remainder when 13602927 is divided by 15564.
15555
What is the remainder when 1107720 is divided by 1106952?
768
Calculate the remainder when 69990114 is divided by 95.
4
Calculate the remainder when 191137405 is divided by 2408.
2405
Calculate the remainder when 259896 is divided by 738.
120
Calculate the remainder when 3801950 is divided by 422411